the prime factors of m.
3, 5
Suppose -z - 102626 - 3981 = -4*d, -z = 4*d - 106609. List the prime factors of d.
2, 3, 2221
Let c(i) = 125*i**2 + 62*i + 30. What are the prime factors of c(9)?
3, 3571
Let j = 1418 + -985. Let v = j - 249. List the prime factors of v.
2, 23
Let r = 625 - 619. List the prime factors of (472/r + -7)/((-4)/(-108)).
3, 5, 43
Suppose 337*l + 76*l - 2808047 - 5523402 = 0. What are the prime factors of l?
20173
Let c(h) = -2*h + 8. Let j be c(5). Let f be 39/j*100/(-15). Suppose -3*i - f = -5*i. What are the prime factors of i?
5, 13
Suppose -2*k + 34*w - 31*w + 97703 = 0, 0 = -4*w + 20. List the prime factors of k.
48859
Suppose l = 3*l + 5*f + 7, 4*f = -4*l + 4. What are the prime factors of -4 + 5 - (l - 250)?
13, 19
Let z = -110 - -370. Suppose -11*v + z + 6747 = 0. What are the prime factors of v?
7, 13
Let c(t) = t**3 + 2*t**2 - 8*t + 5. Suppose 0 = -3*b + 12, -u + b - 11 + 3 = 0. Let j be c(u). Suppose j*v = -143 + 488. What are the prime factors of v?
3, 23
Let r = 99 + -93. Suppose -r*m = -96 - 84. Let w = 66 - m. List the prime factors of w.
2, 3
Let y be (5 - (-51)/(-9)) + 1667/3. Suppose 914 = l - y. List the prime factors of l.
13, 113
List the prime factors of 5347*(5 + -4*(-1 + 2)).
5347
Let q = 525 - 520. What are the prime factors of 1*(q + -1007)/(-3)?
2, 167
Let d = 66 - 63. Let x be 4 + (0/d)/2. List the prime factors of x/(-26) + (-4569)/(-39).
3, 13
Let v = 1977 + 686. List the prime factors of v.
2663
Let f = -387 - -390. Suppose -3*h - 261 = -2*m, 5*m + f*h = h + 643. What are the prime factors of m?
3, 43
Let u(w) = -8*w**3 - 27*w**2 - 19*w + 2. Let m(g) = 15*g**3 + 53*g**2 + 38*g - 4. Let i(o) = -6*m(o) - 11*u(o). List the prime factors of i(-11).
2, 83
Suppose -5*q - k + 181 = 0, 0 = -3*q - 2*q - 5*k + 165. Let h = -844 - -940. Let n = h + q. What are the prime factors of n?
7, 19
Suppose -3*v + 41418 = 5*y, -2*v - 4*y + 8*y + 27634 = 0. What are the prime factors of v?
7, 1973
Let z be (-2)/7 - 32/(-14). Let u be 60/(-100)*((-12)/z + 1). What are the prime factors of 5*u/15 - -186?
11, 17
What are the prime factors of (-22)/(-6)*(730 - 4)/1?
2, 11
Suppose 0 = -3*f - 4*f - 2429. Let k = -186 - f. What are the prime factors of k?
7, 23
Suppose 22*t - 26*t - 100 = 0. Let h(y) = -y**3 - 24*y**2 + 25*y - 11. Let g be h(t). Let k(r) = r**2 + r + 12. List the prime factors of k(g).
2, 61
Suppose 0 = -10*n + 297 + 273. Let t = n - 51. What are the prime factors of t/(-10) + 2516/85?
29
Suppose -b - 3654 = -15*b. What are the prime factors of (-20 + b)*(-1 + 3)?
2, 241
Let f(s) = -3*s**2 - 19*s + 2. Let u be f(-6). Let k(p) = 5*p**3 - 31*p**2 - 3*p + 5. List the prime factors of k(u).
557
Suppose -1231 - 5674 = -5*q. Suppose 0 = -17*u + q + 2393. List the prime factors of u.
2, 3, 37
Suppose -2*x + 2 = 4*w, 2*x + 3 = 5*w + 5*x. Suppose w = -n - 5, 8*h - n = 5*h + 80. List the prime factors of h.
5
Let b(i) = -8*i - 35. Let m = -124 + 119. Let o be b(m). Suppose t + 3*t - o*p - 250 = 0, 2*p - 134 = -2*t. List the prime factors of t.
5, 13
Let o = -58 - -63. Suppose -3*i + 15 = -2*k, 5*i - o*k - 25 = -0*k. Suppose -i*j = h + 2*h - 68, 2*j + 108 = 4*h. What are the prime factors of h?
2, 13
Let b be (-1)/(-4) - (3603/12 - 1). Let k = -290 - b. What are the prime factors of k?
3
Suppose 117*h - 125*h + 5072 = 0. Suppose 423 = n - h. List the prime factors of n.
7, 151
Let i be (-3420)/14 - (-6)/21. Let k be -5 + i/(-30) + (-2)/15. Suppose -2*b = -u + 3*b + 3, 0 = -2*u + k*b + 27. What are the prime factors of u?
2, 3
Let u(v) = v**3 - 2*v**2 - v - 2. Suppose 0 = -2*p - 5*b + 1, 3*p + 4*b = -b + 4. Let q be u(p). List the prime factors of (-504)/(-16) - 2/q.
31
Suppose -4*z + 66758 = 2*f, 0 = 2*z + 3*f - 45214 + 11829. What are the prime factors of z?
2, 7, 149
List the prime factors of (364 - 367)/(6/(-3484)).
2, 13, 67
Suppose 20*x - 129559 = 32981. What are the prime factors of x?
3, 7, 43
Suppose -4*s = -2*o - 51842, -340*o + 338*o + 38885 = 3*s. What are the prime factors of s?
13, 997
List the prime factors of (-12)/10 + 1372300/250.
2, 7
Suppose 6*v - 4*v - 5 = -5*m, 2*v + m - 9 = 0. Suppose -v*z - 25 = 0, 884 = 2*y - z - 1211. What are the prime factors of y?
5, 11, 19
Let h(b) = -b**2 - 32*b + 51. Let c be h(-17). Suppose 2*j = -2*n + 1048, 5*j + 0*n + 2*n = 2611. Let v = j - c. List the prime factors of v.
5, 43
Suppose -12*j = -6*j - 12252. Suppose -3*z = -0*z - p - j, 5*z - 3420 = 5*p. Suppose -256 = -17*l + z. What are the prime factors of l?
5, 11
Let m(t) = -14 + 19*t + 30 + 10 + 17. What are the prime factors of m(3)?
2, 5
Suppose 6*v = -9*v + 3840. Let g = 287 - v. List the prime factors of g.
31
Let t = 161 - 102. What are the prime factors of (1/((-2)/(-577)))/(t/118)?
577
Let v(x) = 3*x - 25. Let t be v(9). Suppose a = 4*c + 158, 450 = a + t*a - 4*c. Suppose 16*i = 15*i + a. What are the prime factors of i?
2, 73
List the prime factors of -20 + 16 + (-223720)/(-7).
2, 3, 2663
Let b = 152 + -108. Let d = b + -45. List the prime factors of (1/(-2 + 3) - 64)*d.
3, 7
Let g(q) = -2*q + 53. Let l(u) = 4*u - 107. Suppose 0 = 10*j - 14*j + 16. Let c(o) = j*l(o) + 9*g(o). List the prime factors of c(0).
7
Let c = -18200 + 31877. What are the prime factors of c?
3, 47, 97
Suppose 0 = -5*x - 3*z + 42876, -20*z + 18*z - 34314 = -4*x. List the prime factors of x.
3, 953
Let j be 9 - ((-2)/(-8)*4 - 1). Suppose j = 3*u, 773 = 2*b + 9*u - 14*u. List the prime factors of b.
2, 197
List the prime factors of 176/4136 - (-11573460)/188.
61561
Let t be 4 - (5 + (-5 - 1)). Suppose -7*d + 5*d + 1211 = -t*w, 5*d = 4*w + 3002. What are the prime factors of d?
2, 13, 23
Suppose -90 = -4*o - 14*o. Suppose o*f = -2*f. Suppose -2*c + 3*c - 47 = f. List the prime factors of c.
47
Let c = 52 + -51. Let m be -3 + (2 + c + 3 - 3). Suppose -6*q + 41 + 67 = m. List the prime factors of q.
2, 3
Let s(k) = -468*k**3 + 273*k**2 + 1097*k + 1. What are the prime factors of s(-4)?
37, 809
Let c be 25*(-6)/(-16) - (140/32 - 4). Let y(a) = 162*a. Let v be y(1). Suppose v = 15*j - c*j. What are the prime factors of j?
3
Suppose 2*f + 430 = 5*j, -3*f = 2*j - f - 186. Suppose u - 17 = 5*q, 5*u = -5*q + j + 27. List the prime factors of u.
2, 11
Suppose 4*z - 40 = 8*z. List the prime factors of (7 - 17115/z)*4/7.
2, 491
Let w be ((-8)/2 + 4)/(-1). Suppose 2*v - 80 - 60 = w. Suppose -v - 95 = -5*g. List the prime factors of g.
3, 11
Let h(g) = -38*g**2 + 6*g**2 + 11*g**2 - 76 + 12*g**2 + 20*g + 10*g**2. What are the prime factors of h(11)?
5, 53
Let v be 7315/(-14) + (-14)/4 + 3. Let w = v - -1123. Let i = w - 384. List the prime factors of i.
2, 3
Let x = 4180 + 31228. What are the prime factors of x?
2, 2213
Let y(z) = 3*z**3 - 20*z**2 + 28*z - 144. List the prime factors of y(16).
2, 467
Let k(m) = 3443*m**3 + 28*m**2 - 35*m + 8. List the prime factors of k(1).
2, 3, 7, 41
Let h(o) = -13084*o - 2346. What are the prime factors of h(-2)?
2, 43, 277
List the prime factors of (4/((-20)/5001))/(17 - (-1290)/(-75)).
3, 1667
Suppose -5*m - 3*l - 687 = -2*l, -4*m - l = 549. Let o = m + 175. What are the prime factors of o?
37
Suppose -4*k = -5*i - 12 - 18, 3*i + k + 1 = 0. Let t be (i + -58)/((-9)/12) + 1. Let b = 142 - t. List the prime factors of b.
61
Suppose 60 = -5*b - b. Let s = -10 - b. Suppose s = -4*f - 8, q - 85 = -5*f - 2. List the prime factors of q.
3, 31
Let p = 21538 - 14681. List the prime factors of p.
6857
Let j(q) = 30*q**2 - 11*q - 89. List the prime factors of j(13).
2, 41, 59
Let j be (1/2)/((-2)/8). Suppose -9 = -3*l, 15*h - 3*l = 18*h + 45. List the prime factors of h*3/4*j.
3
List the prime factors of 144/126 - (-39618)/14.
19, 149
Suppose 0 = -10*m + 61*m + 102. What are the prime factors of (-422*2)/m + -20 + 21?
3, 47
Let p be (1 - 3) + -10 + 5. Let w(y) = -y**3 - 8*y**2 - 8*y - 11. Let g be w(p). List the prime factors of 3*g*(2 - (-231)/(-28)).
3, 5
Let n = -5159 + 10157. What are the prime factors of n?
2, 3, 7, 17
Let d(z) = 9258*z - 6187. List the prime factors of d(4).
5, 31, 199
Let t = -928 + 952. Let o be (-4 + 1)*(-892)/12. Let z = t + o. List the prime factors of z.
13, 19
Let w be 152/36 + (-2)/9*1. Suppose 2*y = -4*s - 0*s + 26, -3*s = -5*y. Suppose 11*j = 9*j - w*p + 334, -y*j + p + 536 = 0